 base 12, what is 1 + -22214?
-22213
In base 7, what is -564011 + 33?
-563645
In base 13, what is 39 + 4397?
4403
In base 15, what is 2 + -16883?
-16881
In base 12, what is -2 - -93442?
93440
In base 5, what is -3141013243 + 0?
-3141013243
In base 13, what is -80 - 229?
-2a9
In base 7, what is 220 - -10552?
11102
In base 11, what is -31 - 69a?
-720
In base 12, what is 0 - 1ba136?
-1ba136
In base 7, what is 14565246 - 2?
14565244
In base 14, what is 9 + -130a7?
-1309c
In base 16, what is 2f - -a7?
d6
In base 10, what is -332441 - 2?
-332443
In base 10, what is 1336 + 19?
1355
In base 15, what is -1 - -15e006?
15e005
In base 9, what is -2207228 + 4?
-2207224
In base 14, what is -9 - 5ac1?
-5aca
In base 14, what is -2da3 - -c?
-2d95
In base 13, what is -294 + ba2?
90b
In base 10, what is -36001 - -9?
-35992
In base 8, what is -3121 + -7?
-3130
In base 2, what is 1110 + 100110000100110?
100110000110100
In base 14, what is -9d06 + -2?
-9d08
In base 10, what is -192002 + 0?
-192002
In base 2, what is -11100101 + -111101?
-100100010
In base 10, what is -337 - -37?
-300
In base 11, what is 20 - -7415?
7435
In base 5, what is 13 + -12423?
-12410
In base 16, what is -63 + 1ed?
18a
In base 13, what is 1 - -214436?
214437
In base 14, what is -1b6 - 9?
-1c1
In base 13, what is 6c86 - -5?
6c8b
In base 10, what is 968 + -4?
964
In base 9, what is 4 - -2073?
2077
In base 12, what is 2120 + -6a0?
1640
In base 6, what is -222141 - 505?
-223050
In base 3, what is 11211021 + 1020?
11212111
In base 8, what is 3 - 6116213?
-6116210
In base 15, what is -2 + -1a52?
-1a54
In base 9, what is 5 + 274860?
274865
In base 15, what is -19 + 211e?
2105
In base 2, what is -110010011100101111 + -11?
-110010011100110010
In base 6, what is -242 - 431?
-1113
In base 2, what is 11 - -10000101011111101?
10000101100000000
In base 4, what is 132231303 + 10?
132231313
In base 3, what is -211000 + 221?
-210002
In base 2, what is 1000000111101 + -10100?
1000000101001
In base 13, what is -15781 - 4?
-15785
In base 2, what is -100110 - 1111001010?
-1111110000
In base 6, what is 2411 + -20021?
-13210
In base 8, what is 131 + -4533?
-4402
In base 6, what is -1 - 140145?
-140150
In base 7, what is 0 - -5520?
5520
In base 15, what is -2 + -158cc?
-158ce
In base 7, what is -11262 - 1453?
-13045
In base 9, what is 0 - -4857?
4857
In base 4, what is -101310 - 223?
-102133
In base 2, what is 10000 - -1010100101111100010?
1010100101111110010
In base 9, what is -38606 + -3?
-38610
In base 2, what is 111 - 11011010010110?
-11011010001111
In base 2, what is 101 + 1100000100011110001?
1100000100011110110
In base 9, what is 74 + -25?
48
In base 2, what is -11100110100001101111 + -10?
-11100110100001110001
In base 14, what is -446 + 12?
-434
In base 10, what is 7 - 218229?
-218222
In base 14, what is -b84a + -2?
-b84c
In base 3, what is 1011221010121 + 1?
1011221010122
In base 2, what is 0 + -111100110010101?
-111100110010101
In base 16, what is 0 - -ca00?
ca00
In base 2, what is -1100000001010 + 101?
-1100000000101
In base 9, what is -42 - -5523?
5471
In base 5, what is 10 - 33300?
-33240
In base 5, what is 1 - -121423?
121424
In base 5, what is 0 - 202323?
-202323
In base 4, what is -102210 + -3113?
-111323
In base 7, what is 4341532 + -3?
4341526
In base 6, what is 2250 - -25003?
31253
In base 3, what is 21 - -1000220001?
1000220022
In base 4, what is -11 - 12022201?
-12022212
In base 12, what is -4 + 66491?
66489
In base 9, what is -2 - -1252422?
1252420
In base 2, what is 1110 + -100100000000100110?
-100100000000011000
In base 3, what is 1010101 - 221?
1002110
In base 12, what is 11320 + 31?
11351
In base 14, what is -341a - 9?
-3425
In base 12, what is -1a3 + 115?
-8a
In base 16, what is c01 - -65?
c66
In base 6, what is -13301 + 5?
-13252
In base 16, what is 90c1 + 0?
90c1
In base 15, what is -6e87 - 0?
-6e87
In base 5, what is 434002 - -112?
434114
In base 7, what is 65 - -540?
635
In base 15, what is d187 - 0?
d187
In base 2, what is -101110100000111 + 10111000?
-101110001001111
In base 15, what is -8be + -101?
-9c0
In base 15, what is c4 - 6a?
59
In base 10, what is 68862 + -4?
68858
In base 8, what is -73221 + 3?
-73216
In base 2, what is -101001100 - -110001?
-100011011
In base 14, what is 24 - d5a7?
-d583
In base 10, what is 4 + -32669?
-32665
In base 10, what is -33319 + 1?
-33318
In base 14, what is -333c4 + 3?
-333c1
In base 4, what is 32 - -332031310?
332032002
In base 6, what is 3201131 - 0?
3201131
In base 5, what is 201 - 14012?
-13311
In base 16, what is -289e - 11?
-28af
In base 5, what is 3 + 2341202?
2341210
In base 12, what is 403 - b9?
306
In base 9, what is -2670 - 21?
-2701
In base 15, what is 3 - 1d8b?
-1d88
In base 11, what is 756480 - 4?
756477
In base 11, what is -63a621 + -4?
-63a625
In base 9, what is 8843 - -41?
8884
In base 6, what is 4 - 354335?
-354331
In base 16, what is 456 - 18?
43e
In base 3, what is -202010020 + -100?
-202010120
In base 12, what is 1 + -108a45?
-108a44
In base 11, what is -6058a + 3?
-60587
In base 9, what is -146021 + 0?
-146021
In base 15, what is -1d - 22c?
-24a
In base 15, what is -2a0bc - -5?
-2a0b7
In base 6, what is 10 - 4000303?
-4000253
In base 5, what is -200 - -324?
124
In base 6, what is -24 - 45442?
-45510
In base 11, what is -1 - -3191?
3190
In base 6, what is 34525 + 0?
34525
In base 13, what is c199b + 1?
c199c
In base 16, what is 28137 + -15?
28122
In base 11, what is 326a + -114?
3156
In base 15, what is -11a + -437?
-552
In base 4, what is 11130 - -1132?
12322
In base 7, what is -2026 - 1135?
-3164
In base 3, what is -200 + 122012?
121112
In base 15, what is 9deb - 1?
9dea
In base 15, what is 5 - -23c2?
23c7
In base 2, what is 10001001 - 11101101?
-1100100
In base 6, what is -5210153 - -2?
-5210151
In base 6, what is 102135 - -124?
102303
In base 7, what is -33 + -20234?
-20300
In base 16, what is 1b - 21ce?
-21b3
In base 9, what is -16772 - 21?
-16803
In base 16, what is 57 + -c7b?
-c24
In base 16, what is -ec1f - 5?
-ec24
In base 6, what is 45 - -104?
153
In base 12, what is -b0 + -322?
-412
In base 11, what is -11873 - -85?
-11799
In base 2, what is -111110010 + 1110111101?
111001011
In base 8, what is -21031 + 20?
-21011
In base 7, what is -11456 + 160?
-11266
In base 8, what is -34 + -150761?
-151015
In base 7, what is 413 - -1101?
1514
In base 7, what is -4 + 1034050?
1034043
In base 12, what is -13652a + 0?
-13652a
In base 8, what is 562 - -1224?
2006
In base 16, what is -4 + -abd2?
-abd6
In base 9, what is 18124 + 10?
18134
In base 10, what is -44 - 5104?
-5148
In base 14, what is -a - -21a?
210
In base 5, what is -222240 - -242?
-221443
In base 4, what is 1331 + 33131?
101122
In base 9, what is -153 - -336?
173
In base 6, what is -122 + 12451?
12325
In base 2, what is 1 - 1100100001101?
-1100100001100
In base 15, what is -2c72 - -d?
-2c64
In base 3, what is -1010120122221 - -1?
-1010120122220
In base 4, what is 101 - -11301?
12002
In base 12, what is -185 - -645?
480
In base 9, what is -268862 - 6?
-268868
In base 13, what is -7 + -1149a?
-114a4
In base 9, what is 32 + 22272?
22314
In base 3, what is 21 + -101212202222?
-101212202201
In base 8, what is -4323413 + 5?
-4323406
In base 11, what is -82 + 756?
684
In base 6, what is -21415132 + 0?
-21415132
In base 4, what is -20301 - 1013?
-21320
In base 2, what is 1000 + 1001011111010?
1001100000010
In base 16, what is 1a5b + -10?
1a4b
In base 4, what is -130323 + -2203?
-133132
In base 7, what is 1316 - -264?
1613
In base 2, what is -10111001011010100 + 1?
-10111001011010011
In base 7, what is -1445616 + -1?
-1445620
In base 11, what is -34 - 603?
-637
In base 8, what is -23120 - 4?
-23124
In base 13, what is 1 + -103205?
-103204
In base 15, what is -7 + -1bc8?
-1bd0
In base 11, what is 56a00a + -5?
56a005
In base 5, what is -2140324 + 3?
-2140321
In base 3, what is -122210210 + 10?
-122210200
In base 10, what is -33 + -1437?
-1470
In base 9, what is -1 + -40428?
-40430
In base 13, what is 455c7 + 2?
455c9
In base 6, what is 43 + -1214?
-1131
In base 5, what is 20034 + -24?
20010
In base 13, what is -425a5 - 5?
-425aa
In base 11, what is 3 + -123a6?
-123a3
In base 10, what is -38 - 396?
-434
In base 10, what is 6 - 538205?
-538199
In base 3, what is 11000020 - -20